alse
Is 3 a factor of 433768?
False
Is 3028868 a multiple of 9?
False
Does 237 divide 10236495?
False
Is 4 a factor of 9791?
False
Is 473590 a multiple of 130?
True
Does 30 divide 258870?
True
Does 172 divide 11396032?
True
Is 128706 a multiple of 114?
True
Is 251025 a multiple of 15?
True
Is 344 a factor of 848304?
True
Does 354 divide 22247829?
False
Does 11 divide 53889?
True
Is 2050160 a multiple of 98?
True
Does 165 divide 329340?
True
Is 744509 a multiple of 23?
False
Is 214 a factor of 187464?
True
Is 1609 a multiple of 106?
False
Is 439128 a multiple of 132?
False
Is 14 a factor of 9136146?
False
Is 5 a factor of 58035?
True
Does 40 divide 18739?
False
Does 10 divide 38050?
True
Is 7 a factor of 136346?
True
Is 195048 a multiple of 516?
True
Is 44344 even?
True
Does 43 divide 1644922?
True
Does 15 divide 779250?
True
Is 138408 a multiple of 438?
True
Is 11891 a multiple of 11?
True
Does 30 divide 743910?
True
Is 107779 a multiple of 623?
True
Is 65 a factor of 176505?
False
Does 17 divide 14238?
False
Does 166 divide 252486?
True
Is 384912 a multiple of 24?
True
Is 55 a factor of 328405?
True
Is 9206661 a multiple of 63?
False
Is 266 a factor of 5727471?
False
Is 35346 a multiple of 86?
True
Is 237708 a multiple of 9?
True
Does 19 divide 680789?
True
Is 7560389 a multiple of 18?
False
Is 723079 a multiple of 111?
False
Does 744 divide 648554?
False
Is 18 a factor of 4869054?
True
Does 53 divide 113835?
False
Is 834626 a multiple of 26?
True
Does 69 divide 1338738?
True
Is 5 a factor of 11323429?
False
Is 1626285 a multiple of 47?
False
Does 60 divide 89040?
True
Does 84 divide 219229?
False
Is 63 a factor of 184023?
True
Does 25 divide 775?
True
Is 356 a factor of 541083?
False
Does 613 divide 805482?
True
Does 215 divide 555386?
False
Is 25 a factor of 23295?
False
Is 85 a factor of 7087320?
False
Is 5 a factor of 234175?
True
Is 2671 a multiple of 6?
False
Is 174 a factor of 3195703?
False
Does 42 divide 103720?
False
Is 1016967 a multiple of 79?
True
Is 1781629 a multiple of 13?
False
Does 258 divide 3782280?
True
Is 100 a factor of 438200?
True
Is 14257984 a multiple of 16?
True
Is 76 a factor of 4172628?
True
Does 12 divide 9925?
False
Does 61 divide 1486692?
True
Does 29 divide 73038?
False
Is 17 a factor of 5970279?
False
Is 353 a factor of 6397077?
False
Does 42 divide 217434?
True
Is 177003 a multiple of 277?
True
Is 48 a factor of 335837?
False
Does 408 divide 817540?
False
Is 687242 a multiple of 34?
True
Is 17 a factor of 15878?
True
Is 5 a factor of 10040354?
False
Is 250 a factor of 19936750?
True
Is 39560 a multiple of 20?
True
Is 79 a factor of 762429?
True
Is 2557778 a multiple of 431?
False
Does 504 divide 1067778?
False
Is 4 a factor of 19113?
False
Is 466008 a multiple of 57?
False
Does 19 divide 3886241?
True
Is 53 a factor of 2273011?
True
Does 737 divide 1551385?
True
Is 7985816 a multiple of 97?
True
Does 17 divide 5423659?
False
Is 35 a factor of 2483979?
False
Does 30 divide 1232670?
True
Does 11 divide 390819?
True
Does 272 divide 1252776?
False
Is 21 a factor of 7893522?
True
Is 142 a factor of 2949482?
True
Is 155 a factor of 644490?
True
Does 77 divide 59136?
True
Is 281009 a multiple of 26?
False
Is 298 a factor of 72340?
False
Is 131 a factor of 6826415?
False
Is 20317864 a multiple of 17?
False
Is 70335 a multiple of 1051?
False
Does 169 divide 984651?
False
Is 431596 a multiple of 187?
True
Does 757 divide 951549?
True
Is 1157598 a multiple of 97?
True
Is 123002 a multiple of 60?
False
Is 40 a factor of 1175434?
False
Is 22 a factor of 968770?
True
Does 5 divide 153957?
False
Does 84 divide 658392?
True
Is 21 a factor of 768348?
True
Does 21 divide 633112?
False
Is 73 a factor of 143372?
True
Is 312 a factor of 399360?
True
Is 12 a factor of 736428?
True
Is 40 a factor of 63154?
False
Is 4554129 a multiple of 13?
False
Is 2859075 a multiple of 1179?
True
Is 39 a factor of 4774231?
False
Is 43 a factor of 392848?
True
Is 515810 a multiple of 731?
False
Is 12305 a multiple of 26?
False
Does 598 divide 2529084?
False
Is 2047915 a multiple of 19?
True
Is 215 a factor of 17904125?
True
Is 559111 a multiple of 4?
False
Does 40 divide 4464976?
False
Does 91 divide 230048?
True
Is 85728 a multiple of 6?
True
Does 15 divide 167745?
True
Does 191 divide 7021160?
True
Is 213 a factor of 1495686?
True
Is 4 a factor of 3069?
False
Is 222 a factor of 807414?
True
Is 624067 a multiple of 565?
False
Does 6 divide 5635608?
True
Is 1828727 a multiple of 18?
False
Is 44388 a multiple of 41?
False
Does 130 divide 2677?
False
Does 10 divide 2289740?
True
Is 54 a factor of 1012856?
False
Is 2061486 a multiple of 7?
True
Does 323 divide 1052334?
True
Is 157 a factor of 5363?
False
Is 16 a factor of 408010?
False
Is 1754145 a multiple of 15?
True
Is 335 a factor of 1775835?
True
Does 3 divide 370053?
True
Is 766815 a multiple of 7?
True
Is 22 a factor of 18392?
True
Is 983765 a multiple of 151?
True
Is 7 a factor of 7210944?
False
Is 8804 a multiple of 284?
True
Is 209 a factor of 13644565?
True
Is 46484 a multiple of 97?
False
Does 17 divide 32098401?
False
Does 38 divide 18141884?
True
Is 15 a factor of 2615690?
False
Is 14 a factor of 15876?
True
Does 18 divide 38160?
True
Does 41 divide 2606691?
False
Is 416 a factor of 44512?
True
Is 240 a factor of 2938650?
False
Does 105 divide 24377115?
True
Is 71058 a multiple of 85?
False
Is 71 a factor of 19354938?
False
Is 1777028 a multiple of 11?
True
Is 4191514 a multiple of 35?
False
Is 77616 a multiple of 144?
True
Is 301 a factor of 5418?
True
Does 1038 divide 4676170?
False
Does 29 divide 23722?
True
Is 10 a factor of 96580?
True
Does 30 divide 4124010?
True
Does 49 divide 261101?
False
Does 5 divide 229612?
False
Is 168 a factor of 2192510?
False
Is 345 a factor of 441255?
True
Does 38 divide 2560250?
True
Is 128784 a multiple of 12?
True
Is 68 a factor of 607920?
True
Is 5 a factor of 45625?
True
Is 1259406 a multiple of 183?
True
Is 166600 a multiple of 280?
True
Is 72016 a multiple of 14?
True
Is 6647424 a multiple of 7?
True
Is 3886544 a multiple of 463?
False
Is 775 a factor of 2462175?
True
Is 111 a factor of 81447?
False
Is 8600 a multiple of 5?
True
Is 167132 a multiple of 9?
False
Is 49 a factor of 1648409?
True
Does 21 divide 345786?
True
Is 196 a factor of 296125?
False
Is 698328 a multiple of 52?
False
Does 8 divide 96232?
True
Does 124 divide 31992?
True
Does 367 divide 2893061?
True
Does 5 divide 782151?
False
Is 245124 a multiple of 11?
True
Does 81 divide 911331?
True
Is 6 a factor of 5521386?
True
Is 29 a factor of 1032748?
True
Is 140636 a multiple of 19?
False
Is 619326 a multiple of 16?
False
Is 148216 a multiple of 382?
True
Is 252 a factor of 851973?
False
Is 121 a factor of 711155?
False
Is 203917 a multiple of 11?
False
Is 61 a factor of 229665?
True
Is 47 a factor of 62416?
True
Is 80 a factor of 1415120?
True
Is 4354796 a multiple of 158?
True
Is 46 a factor of 624119?
False
Does 9 divide 485098?
False
Does 158 divide 8212366?
True
Is 59054 a multiple of 27?
False
Is 95 a factor of 2162770?
True
Does 21 divide 307566?
True
Does 2242 divide 14653270?
False
Does 176 divide 607320?
False
Is 2311998 a multiple of 13?
True
Is 20 a factor of 16748297?
False
Is 112179 a multiple of 7?
False
Does 92 divide 72312?
True
Is 699 a factor of 838800?
True
Does 425 divide 2538950?
True
Is 30566 a multiple of 17?
True
Does 6 divide 19557?
False
Is 55396 a multiple of 59?
False
Is 249694 a multiple of 9?
False
Is 29311 a multiple of 17?
False
Is 450 a factor of 7915950?
True
Is 21 a factor of 224431?
False
Is 30 a factor of 43380?
True
Does 33 divide 117576?
False
Is 12002336 a multiple of 24?
False
Is 2354392 a multiple of 8?
True
Does 299 divide 367730?
False
Is 215 a factor of 912890?
True
Is 10 a factor of 828018?
False
Is 27 a factor of 1188?
True
Is 6760914 a multiple of 669?
True
Is 11216174 a multiple of 94?
True
Does 82 divide 3450894?
False
Does 26 divide 178074?
True
Is 4278428 a multiple of 8?
False
Is 414497 a multiple of 10?
False
Is 4 a factor of 102276?
True
Is 19 a factor of 235103?
False
Is 61 a factor of 52643?
True
Does 31 divide 38347?
True
Is 655484 a multiple of 25?
False
Is 317039 a multiple of 42?
False
Is 163 a factor of 17715166?
Tr